multiple of 162?
True
Is 20 a factor of 814?
False
Is 41 a factor of 1855?
False
Is 9 a factor of 604?
False
Is 9 a factor of 39493?
False
Does 151 divide 3293?
False
Does 77 divide 5390?
True
Does 56 divide 649?
False
Is 45 a factor of 6570?
True
Is 660 a multiple of 12?
True
Does 20 divide 300?
True
Is 21 a factor of 105?
True
Is 12 a factor of 7816?
False
Does 34 divide 5406?
True
Is 100 a multiple of 10?
True
Is 13974 a multiple of 274?
True
Is 21 a factor of 1533?
True
Is 6 a factor of 1105?
False
Is 7 a factor of 13103?
False
Does 19 divide 226?
False
Is 18360 a multiple of 108?
True
Is 36758 a multiple of 54?
False
Does 29 divide 9423?
False
Is 95 a factor of 7726?
False
Does 18 divide 594?
True
Is 4448 a multiple of 32?
True
Is 15 a factor of 3187?
False
Is 59 a factor of 93251?
False
Is 33 a factor of 8415?
True
Is 25326 a multiple of 27?
True
Is 10 a factor of 2690?
True
Is 643 a multiple of 13?
False
Is 25 a factor of 39500?
True
Does 3 divide 846?
True
Is 17 a factor of 2109?
False
Is 60 a factor of 7537?
False
Is 3196 a multiple of 6?
False
Does 31 divide 775?
True
Is 574 a multiple of 7?
True
Is 10605 a multiple of 101?
True
Is 6890 a multiple of 130?
True
Is 2045 a multiple of 7?
False
Is 57983 a multiple of 23?
True
Is 49 a factor of 700?
False
Is 92 a factor of 12144?
True
Does 9 divide 1026?
True
Is 9375 a multiple of 12?
False
Does 74 divide 1628?
True
Is 2115 a multiple of 45?
True
Is 3 a factor of 285?
True
Does 8 divide 10253?
False
Is 24 a factor of 971?
False
Is 37008 a multiple of 12?
True
Does 25 divide 8737?
False
Is 12104 a multiple of 27?
False
Does 11 divide 748?
True
Is 7 a factor of 5738?
False
Is 18 a factor of 21492?
True
Is 29245 a multiple of 9?
False
Is 32 a factor of 64?
True
Is 29962 a multiple of 45?
False
Is 13317 a multiple of 69?
True
Is 21 a factor of 33711?
False
Does 6 divide 3288?
True
Is 59888 a multiple of 11?
False
Is 2 a factor of 462?
True
Does 20 divide 2720?
True
Does 21 divide 63728?
False
Does 12 divide 408?
True
Does 18 divide 594?
True
Does 8 divide 1340?
False
Does 31 divide 518?
False
Is 66 a factor of 6939?
False
Is 4176 a multiple of 48?
True
Is 2238 a multiple of 3?
True
Does 7 divide 129?
False
Is 291 a factor of 11108?
False
Does 125 divide 57660?
False
Does 7 divide 4907?
True
Is 18 a factor of 342?
True
Does 48 divide 864?
True
Is 185 a multiple of 15?
False
Does 13 divide 4251?
True
Does 55 divide 4271?
False
Is 3744 a multiple of 117?
True
Is 13 a factor of 825?
False
Is 41 a factor of 49212?
False
Does 8 divide 56242?
False
Is 1107 a multiple of 5?
False
Is 78 a factor of 1386?
False
Does 31 divide 660?
False
Is 7686 a multiple of 14?
True
Is 22 a factor of 1549?
False
Does 5 divide 8510?
True
Is 1157 a multiple of 28?
False
Is 27798 a multiple of 82?
True
Does 189 divide 11555?
False
Is 30624 a multiple of 66?
True
Does 5 divide 492?
False
Is 29 a factor of 3973?
True
Does 31 divide 34?
False
Is 20 a factor of 201?
False
Is 3683 a multiple of 67?
False
Does 70 divide 2370?
False
Is 20909 a multiple of 8?
False
Does 219 divide 43165?
False
Is 8965 a multiple of 163?
True
Is 12 a factor of 14244?
True
Does 224 divide 2464?
True
Is 3380 a multiple of 52?
True
Is 4324 a multiple of 14?
False
Does 205 divide 6765?
True
Does 3 divide 165?
True
Is 937 a multiple of 3?
False
Is 14 a factor of 110746?
False
Is 240 a multiple of 80?
True
Does 20 divide 500?
True
Is 194 a factor of 10789?
False
Is 4 a factor of 208?
True
Is 360 a factor of 140040?
True
Does 22 divide 1672?
True
Is 14 a factor of 4746?
True
Is 5654 a multiple of 11?
True
Does 17 divide 2873?
True
Does 28 divide 364?
True
Is 56 a factor of 504?
True
Is 14 a factor of 15947?
False
Is 10780 a multiple of 35?
True
Does 22 divide 2531?
False
Is 14 a factor of 574?
True
Does 24 divide 2688?
True
Is 10822 a multiple of 14?
True
Is 3 a factor of 1788?
True
Does 12 divide 3444?
True
Does 7 divide 1516?
False
Does 102 divide 10608?
True
Is 60 a factor of 2160?
True
Is 9 a factor of 90?
True
Is 21 a factor of 600?
False
Does 10 divide 310?
True
Does 64 divide 18230?
False
Is 5 a factor of 1745?
True
Does 59 divide 1121?
True
Does 15 divide 1440?
True
Does 81 divide 842?
False
Is 1578 a multiple of 28?
False
Is 4563 a multiple of 117?
True
Is 3 a factor of 87?
True
Does 44 divide 12094?
False
Is 24 a factor of 79?
False
Is 3 a factor of 4749?
True
Does 11 divide 7502?
True
Does 12 divide 264?
True
Is 11 a factor of 1188?
True
Is 56745 a multiple of 49?
False
Is 1560 a multiple of 120?
True
Does 5 divide 1090?
True
Is 430 a multiple of 5?
True
Does 18 divide 102?
False
Is 70 a factor of 980?
True
Does 99 divide 7722?
True
Does 12 divide 662?
False
Does 4 divide 512?
True
Is 5 a factor of 13485?
True
Is 1196 a multiple of 13?
True
Does 7 divide 44?
False
Is 5 a factor of 4348?
False
Is 631 a multiple of 91?
False
Is 12 a factor of 7116?
True
Is 20 a factor of 1544?
False
Does 15 divide 13800?
True
Is 5 a factor of 1544?
False
Is 857 a multiple of 2?
False
Is 4782 a multiple of 7?
False
Is 203 a factor of 10759?
True
Does 13 divide 2639?
True
Is 114 a factor of 79002?
True
Is 4 a factor of 64?
True
Does 35 divide 1604?
False
Does 47 divide 4324?
True
Is 17 a factor of 8375?
False
Is 39 a multiple of 13?
True
Does 22 divide 5366?
False
Is 45 a multiple of 3?
True
Is 56 a factor of 7728?
True
Is 727 a multiple of 5?
False
Does 259 divide 32991?
False
Is 14925 a multiple of 15?
True
Is 2249 a multiple of 13?
True
Does 14 divide 907?
False
Is 237 a multiple of 33?
False
Is 25 a factor of 432?
False
Is 1521 a multiple of 39?
True
Does 13 divide 83?
False
Does 10 divide 390?
True
Is 27 a factor of 10015?
False
Is 23 a factor of 2024?
True
Is 12 a factor of 348?
True
Is 1610 a multiple of 14?
True
Is 2057 a multiple of 11?
True
Does 43 divide 9361?
False
Is 9 a factor of 5466?
False
Does 18 divide 87434?
False
Does 15 divide 2336?
False
Is 123723 a multiple of 259?
False
Is 222 a multiple of 111?
True
Does 6 divide 61?
False
Does 86 divide 44181?
False
Is 1694 a multiple of 11?
True
Is 282 a multiple of 17?
False
Is 3 a factor of 155?
False
Is 6359 even?
False
Does 68 divide 8772?
True
Is 19260 a multiple of 9?
True
Is 6 a factor of 2256?
True
Does 31 divide 31?
True
Does 6 divide 69?
False
Is 1120 a multiple of 28?
True
Is 952 a multiple of 11?
False
Is 13 a factor of 10123?
False
Does 14 divide 723?
False
Is 20 a factor of 8520?
True
Is 204 a factor of 50184?
True
Does 9 divide 10202?
False
Is 15 a factor of 131?
False
Does 11 divide 40172?
True
Is 225 a multiple of 11?
False
Does 2 divide 367?
False
Is 3540 a multiple of 4?
True
Does 2 divide 301?
False
Does 10 divide 2226?
False
Is 757 a multiple of 7?
False
Is 3502 a multiple of 24?
False
Is 131 a factor of 3240?
False
Does 11 divide 484?
True
Is 171 a factor of 69025?
False
Is 24 a factor of 1560?
True
Does 13 divide 2567?
False
Is 35 a factor of 1286?
False
Is 56 a factor of 2919?
False
Is 103 a factor of 515?
True
Does 60 divide 467?
False
Does 10 divide 1360?
True
Is 22032 a multiple of 6?
True
Is 5 a factor of 6445?
True
Does 4 divide 60?
True
Does 3 divide 298?
False
Does 20 divide 1660?
True
Is 14 a factor of 2240?
True
Does 92 divide 16468?
True
Is 421 a multiple of 12?
False
Is 1560 a multiple of 8?
True
Is 4267 a multiple of 109?
False
Is 9476 a multiple of 206?
True
Does 22 divide 3980?
False
Does 65 divide 1969?
False
Is 12709 a multiple of 224?
False
Is 42 a factor of 672?
True
Is 20868 a multiple of 122?
False
Does 32 divide 1120?
True
Is 10 a factor of 44573?
False
Is 27 a factor of 243?
True
Is 103752 a multiple of 36?
True
Is 27391 a multiple of 8?
False
Is 3 a factor of 1058?
False
Does 15 divide 7065?
True
Does 14 divide 10206?
True
Does 12 divide 5577?
False
Is 9662 a multiple of 25?
False
Is 1542 a multiple of 7?
False
Is 2 a factor of 8?
True
Is 93 a factor of 3069?
True
Is 702 a multiple of 27?
True
Does 14 divide 35463?
False
Is 24 a multiple of 2?
True
Does 14 divide 6932?
False
Does 21 divide 756?
True
Is 38 a factor of 24144?
False
Is 12070 a multiple of 12?
False
Is 152 a multiple of 19?
True
Does 22 divide 4932?
False
Does 82 divide 19188?
True
Is 4604 a multiple of 4?
True
Does 4 divide 589?
False
Does 5 divide 405?
True
Is 13750 a multiple of 125?
Tr